{"id":6962,"date":"2025-10-02T10:41:46","date_gmt":"2025-10-02T14:41:46","guid":{"rendered":"https:\/\/www.acluofnorthcarolina.org\/suspension-del-profesor-dwayne-dixon-en-violacion-de-la-primera-enmienda\/"},"modified":"2025-10-02T10:41:46","modified_gmt":"2025-10-02T14:41:46","slug":"suspension-del-profesor-dwayne-dixon-en-violacion-de-la-primera-enmienda","status":"publish","type":"page","link":"https:\/\/www.acluofnorthcarolina.org\/es\/suspension-del-profesor-dwayne-dixon-en-violacion-de-la-primera-enmienda\/","title":{"rendered":"Suspensi\u00f3n del profesor Dwayne Dixon en violaci\u00f3n de la Primera Enmienda"},"content":{"rendered":"","protected":false},"excerpt":{"rendered":"<p>Abogados de la ACLU de Carolina del Norte han enviado una carta a la Universidad de Carolina del Norte en Chapel Hill exigiendo la reincorporaci\u00f3n inmediata del profesor Dwayne Dixon, que fue puesto en excedencia administrativa despu\u00e9s de que un activista externo hiciera acusaciones en las redes sociales sobre la asociaci\u00f3n de Dixon con grupos...<\/p>\n","protected":false},"author":10,"featured_media":0,"parent":0,"menu_order":0,"comment_status":"closed","ping_status":"closed","template":"","meta":{"_acf_changed":false,"_relevanssi_hide_post":"","_relevanssi_hide_content":"","_relevanssi_pin_for_all":"","_relevanssi_pin_keywords":"","_relevanssi_unpin_keywords":"","_relevanssi_related_keywords":"","_relevanssi_related_include_ids":"","_relevanssi_related_exclude_ids":"","_relevanssi_related_no_append":"","_relevanssi_related_not_related":"","_relevanssi_related_posts":"","_relevanssi_noindex_reason":"","footnotes":""},"class_list":["post-6962","page","type-page","status-publish","hentry"],"acf":{"layout":"default","header-group":{"header-description":"Abogados de la ACLU de Carolina del Norte han enviado una carta a la Universidad de Carolina del Norte en Chapel Hill exigiendo la reincorporaci\u00f3n inmediata del profesor Dwayne Dixon, que fue puesto en excedencia administrativa despu\u00e9s de que un activista externo hiciera acusaciones en las redes sociales sobre la asociaci\u00f3n de Dixon con grupos pol\u00edticos antirracistas y antifascistas.  ","show-subnav":false,"hide-from-subnav":false},"components":null,"section":null,"issues":[3610],"related_content":null,"documents":[{"name":"","file":6668}]},"yoast_head":"<!-- This site is optimized with the Yoast SEO plugin v24.9 - https:\/\/yoast.com\/wordpress\/plugins\/seo\/ -->\n<title>Suspensi\u00f3n del profesor Dwayne Dixon en violaci\u00f3n de la Primera Enmienda - ACLU of North Carolina<\/title>\n<meta name=\"robots\" content=\"index, follow, max-snippet:-1, max-image-preview:large, max-video-preview:-1\" \/>\n<link rel=\"canonical\" href=\"http:\/\/www.acluofnorthcarolina.org\/es\/suspension-del-profesor-dwayne-dixon-en-violacion-de-la-primera-enmienda\/\" \/>\n<meta property=\"og:locale\" content=\"es_ES\" \/>\n<meta property=\"og:type\" content=\"article\" \/>\n<meta property=\"og:title\" content=\"Suspensi\u00f3n del profesor Dwayne Dixon en violaci\u00f3n de la Primera Enmienda - ACLU of North Carolina\" \/>\n<meta property=\"og:description\" content=\"Abogados de la ACLU de Carolina del Norte han enviado una carta a la Universidad de Carolina del Norte en Chapel Hill exigiendo la reincorporaci\u00f3n inmediata del profesor Dwayne Dixon, que fue puesto en excedencia administrativa despu\u00e9s de que un activista externo hiciera acusaciones en las redes sociales sobre la asociaci\u00f3n de Dixon con grupos...\" \/>\n<meta property=\"og:url\" content=\"https:\/\/www.acluofnorthcarolina.org\/es\/suspension-del-profesor-dwayne-dixon-en-violacion-de-la-primera-enmienda\/\" \/>\n<meta property=\"og:site_name\" content=\"ACLU of North Carolina\" \/>\n<meta property=\"og:image\" content=\"https:\/\/www.acluofnorthcarolina.org\/app\/themes\/aclu-parent\/img\/default_fb_share.jpg\" \/>\n<meta name=\"twitter:card\" content=\"summary_large_image\" \/>\n<script type=\"application\/ld+json\" class=\"yoast-schema-graph\">{\"@context\":\"https:\/\/schema.org\",\"@graph\":[{\"@type\":\"WebPage\",\"@id\":\"http:\/\/www.acluofnorthcarolina.org\/es\/suspension-del-profesor-dwayne-dixon-en-violacion-de-la-primera-enmienda\/\",\"url\":\"http:\/\/www.acluofnorthcarolina.org\/es\/suspension-del-profesor-dwayne-dixon-en-violacion-de-la-primera-enmienda\/\",\"name\":\"Suspensi\u00f3n del profesor Dwayne Dixon en violaci\u00f3n de la Primera Enmienda - ACLU of North Carolina\",\"isPartOf\":{\"@id\":\"https:\/\/www.acluofnorthcarolina.org\/#website\"},\"datePublished\":\"2025-10-02T14:41:46+00:00\",\"inLanguage\":\"es-ES\",\"potentialAction\":[{\"@type\":\"ReadAction\",\"target\":[\"http:\/\/www.acluofnorthcarolina.org\/es\/suspension-del-profesor-dwayne-dixon-en-violacion-de-la-primera-enmienda\/\"]}]},{\"@type\":\"WebSite\",\"@id\":\"https:\/\/www.acluofnorthcarolina.org\/#website\",\"url\":\"https:\/\/www.acluofnorthcarolina.org\/\",\"name\":\"ACLU of North Carolina\",\"description\":\"\",\"publisher\":{\"@id\":\"https:\/\/www.acluofnorthcarolina.org\/#organization\"},\"potentialAction\":[{\"@type\":\"SearchAction\",\"target\":{\"@type\":\"EntryPoint\",\"urlTemplate\":\"https:\/\/www.acluofnorthcarolina.org\/?s={search_term_string}\"},\"query-input\":{\"@type\":\"PropertyValueSpecification\",\"valueRequired\":true,\"valueName\":\"search_term_string\"}}],\"inLanguage\":\"es-ES\"},{\"@type\":\"Organization\",\"@id\":\"https:\/\/www.acluofnorthcarolina.org\/#organization\",\"name\":\"ACLU of North Carolina\",\"url\":\"https:\/\/www.acluofnorthcarolina.org\/\",\"logo\":{\"@type\":\"ImageObject\",\"inLanguage\":\"es-ES\",\"@id\":\"https:\/\/www.acluofnorthcarolina.org\/#\/schema\/logo\/image\/\",\"url\":\"https:\/\/www.acluofnorthcarolina.org\/app\/uploads\/2025\/08\/ACLU-NorthCarolina_Color-Logo_RGB.png\",\"contentUrl\":\"https:\/\/www.acluofnorthcarolina.org\/app\/uploads\/2025\/08\/ACLU-NorthCarolina_Color-Logo_RGB.png\",\"width\":1061,\"height\":575,\"caption\":\"ACLU of North Carolina\"},\"image\":{\"@id\":\"https:\/\/www.acluofnorthcarolina.org\/#\/schema\/logo\/image\/\"}}]}<\/script>\n<!-- \/ Yoast SEO plugin. -->","yoast_head_json":{"title":"Suspensi\u00f3n del profesor Dwayne Dixon en violaci\u00f3n de la Primera Enmienda - ACLU of North Carolina","robots":{"index":"index","follow":"follow","max-snippet":"max-snippet:-1","max-image-preview":"max-image-preview:large","max-video-preview":"max-video-preview:-1"},"canonical":"http:\/\/www.acluofnorthcarolina.org\/es\/suspension-del-profesor-dwayne-dixon-en-violacion-de-la-primera-enmienda\/","og_locale":"es_ES","og_type":"article","og_title":"Suspensi\u00f3n del profesor Dwayne Dixon en violaci\u00f3n de la Primera Enmienda - ACLU of North Carolina","og_description":"Abogados de la ACLU de Carolina del Norte han enviado una carta a la Universidad de Carolina del Norte en Chapel Hill exigiendo la reincorporaci\u00f3n inmediata del profesor Dwayne Dixon, que fue puesto en excedencia administrativa despu\u00e9s de que un activista externo hiciera acusaciones en las redes sociales sobre la asociaci\u00f3n de Dixon con grupos...","og_url":"https:\/\/www.acluofnorthcarolina.org\/es\/suspension-del-profesor-dwayne-dixon-en-violacion-de-la-primera-enmienda\/","og_site_name":"ACLU of North Carolina","og_image":[{"url":"https:\/\/www.acluofnorthcarolina.org\/app\/themes\/aclu-parent\/img\/default_fb_share.jpg","type":"","width":"","height":""}],"twitter_card":"summary_large_image","schema":{"@context":"https:\/\/schema.org","@graph":[{"@type":"WebPage","@id":"http:\/\/www.acluofnorthcarolina.org\/es\/suspension-del-profesor-dwayne-dixon-en-violacion-de-la-primera-enmienda\/","url":"http:\/\/www.acluofnorthcarolina.org\/es\/suspension-del-profesor-dwayne-dixon-en-violacion-de-la-primera-enmienda\/","name":"Suspensi\u00f3n del profesor Dwayne Dixon en violaci\u00f3n de la Primera Enmienda - ACLU of North Carolina","isPartOf":{"@id":"https:\/\/www.acluofnorthcarolina.org\/#website"},"datePublished":"2025-10-02T14:41:46+00:00","inLanguage":"es-ES","potentialAction":[{"@type":"ReadAction","target":["http:\/\/www.acluofnorthcarolina.org\/es\/suspension-del-profesor-dwayne-dixon-en-violacion-de-la-primera-enmienda\/"]}]},{"@type":"WebSite","@id":"https:\/\/www.acluofnorthcarolina.org\/#website","url":"https:\/\/www.acluofnorthcarolina.org\/","name":"ACLU of North Carolina","description":"","publisher":{"@id":"https:\/\/www.acluofnorthcarolina.org\/#organization"},"potentialAction":[{"@type":"SearchAction","target":{"@type":"EntryPoint","urlTemplate":"https:\/\/www.acluofnorthcarolina.org\/?s={search_term_string}"},"query-input":{"@type":"PropertyValueSpecification","valueRequired":true,"valueName":"search_term_string"}}],"inLanguage":"es-ES"},{"@type":"Organization","@id":"https:\/\/www.acluofnorthcarolina.org\/#organization","name":"ACLU of North Carolina","url":"https:\/\/www.acluofnorthcarolina.org\/","logo":{"@type":"ImageObject","inLanguage":"es-ES","@id":"https:\/\/www.acluofnorthcarolina.org\/#\/schema\/logo\/image\/","url":"https:\/\/www.acluofnorthcarolina.org\/app\/uploads\/2025\/08\/ACLU-NorthCarolina_Color-Logo_RGB.png","contentUrl":"https:\/\/www.acluofnorthcarolina.org\/app\/uploads\/2025\/08\/ACLU-NorthCarolina_Color-Logo_RGB.png","width":1061,"height":575,"caption":"ACLU of North Carolina"},"image":{"@id":"https:\/\/www.acluofnorthcarolina.org\/#\/schema\/logo\/image\/"}}]}},"distributor_meta":false,"distributor_terms":false,"distributor_media":false,"distributor_original_site_name":"ACLU of North Carolina","distributor_original_site_url":"https:\/\/www.acluofnorthcarolina.org\/es\/","push-errors":false,"_links":{"self":[{"href":"https:\/\/www.acluofnorthcarolina.org\/es\/wp-json\/wp\/v2\/pages\/6962","targetHints":{"allow":["GET"]}}],"collection":[{"href":"https:\/\/www.acluofnorthcarolina.org\/es\/wp-json\/wp\/v2\/pages"}],"about":[{"href":"https:\/\/www.acluofnorthcarolina.org\/es\/wp-json\/wp\/v2\/types\/page"}],"author":[{"embeddable":true,"href":"https:\/\/www.acluofnorthcarolina.org\/es\/wp-json\/wp\/v2\/users\/10"}],"replies":[{"embeddable":true,"href":"https:\/\/www.acluofnorthcarolina.org\/es\/wp-json\/wp\/v2\/comments?post=6962"}],"version-history":[{"count":0,"href":"https:\/\/www.acluofnorthcarolina.org\/es\/wp-json\/wp\/v2\/pages\/6962\/revisions"}],"acf:post":[{"embeddable":true,"href":"https:\/\/www.acluofnorthcarolina.org\/es\/wp-json\/wp\/v2\/issue\/3610"}],"wp:attachment":[{"href":"https:\/\/www.acluofnorthcarolina.org\/es\/wp-json\/wp\/v2\/media?parent=6962"}],"curies":[{"name":"wp","href":"https:\/\/api.w.org\/{rel}","templated":true}]}}

Suspensión del profesor Dwayne Dixon en violación de la Primera Enmienda

<p>Abogados de la ACLU de Carolina del Norte han enviado una carta a la Universidad de Carolina del Norte en Chapel Hill exigiendo la reincorporación inmediata del profesor Dwayne Dixon, que fue puesto en excedencia administrativa después de que un activista externo hiciera acusaciones en las redes sociales sobre la asociación de Dixon con grupos...</p>

Abogados de la ACLU de Carolina del Norte han enviado una carta a la Universidad de Carolina del Norte en Chapel Hill exigiendo la reincorporación inmediata del profesor Dwayne Dixon, que fue puesto en excedencia administrativa después de que un activista externo hiciera acusaciones en las redes sociales sobre la asociación de Dixon con grupos políticos antirracistas y antifascistas.

<!-- This site is optimized with the Yoast SEO plugin v24.9 - https://yoast.com/wordpress/plugins/seo/ -->
<title>Suspensión del profesor Dwayne Dixon en violación de la Primera Enmienda - ACLU of North Carolina</title>
<meta name="robots" content="index, follow, max-snippet:-1, max-image-preview:large, max-video-preview:-1" />
<link rel="canonical" href="http://www.acluofnorthcarolina.org/es/suspension-del-profesor-dwayne-dixon-en-violacion-de-la-primera-enmienda/" />
<meta property="og:locale" content="es_ES" />
<meta property="og:type" content="article" />
<meta property="og:title" content="Suspensión del profesor Dwayne Dixon en violación de la Primera Enmienda - ACLU of North Carolina" />
<meta property="og:description" content="Abogados de la ACLU de Carolina del Norte han enviado una carta a la Universidad de Carolina del Norte en Chapel Hill exigiendo la reincorporación inmediata del profesor Dwayne Dixon, que fue puesto en excedencia administrativa después de que un activista externo hiciera acusaciones en las redes sociales sobre la asociación de Dixon con grupos..." />
<meta property="og:url" content="https://www.acluofnorthcarolina.org/es/suspension-del-profesor-dwayne-dixon-en-violacion-de-la-primera-enmienda/" />
<meta property="og:site_name" content="ACLU of North Carolina" />
<meta property="og:image" content="https://www.acluofnorthcarolina.org/app/themes/aclu-parent/img/default_fb_share.jpg" />
<meta name="twitter:card" content="summary_large_image" />
<script type="application/ld+json" class="yoast-schema-graph">{"@context":"https://schema.org","@graph":[{"@type":"WebPage","@id":"http://www.acluofnorthcarolina.org/es/suspension-del-profesor-dwayne-dixon-en-violacion-de-la-primera-enmienda/","url":"http://www.acluofnorthcarolina.org/es/suspension-del-profesor-dwayne-dixon-en-violacion-de-la-primera-enmienda/","name":"Suspensión del profesor Dwayne Dixon en violación de la Primera Enmienda - ACLU of North Carolina","isPartOf":{"@id":"https://www.acluofnorthcarolina.org/#website"},"datePublished":"2025-10-02T14:41:46+00:00","inLanguage":"es-ES","potentialAction":[{"@type":"ReadAction","target":["http://www.acluofnorthcarolina.org/es/suspension-del-profesor-dwayne-dixon-en-violacion-de-la-primera-enmienda/"]}]},{"@type":"WebSite","@id":"https://www.acluofnorthcarolina.org/#website","url":"https://www.acluofnorthcarolina.org/","name":"ACLU of North Carolina","description":"","publisher":{"@id":"https://www.acluofnorthcarolina.org/#organization"},"potentialAction":[{"@type":"SearchAction","target":{"@type":"EntryPoint","urlTemplate":"https://www.acluofnorthcarolina.org/?s={search_term_string}"},"query-input":{"@type":"PropertyValueSpecification","valueRequired":true,"valueName":"search_term_string"}}],"inLanguage":"es-ES"},{"@type":"Organization","@id":"https://www.acluofnorthcarolina.org/#organization","name":"ACLU of North Carolina","url":"https://www.acluofnorthcarolina.org/","logo":{"@type":"ImageObject","inLanguage":"es-ES","@id":"https://www.acluofnorthcarolina.org/#/schema/logo/image/","url":"https://www.acluofnorthcarolina.org/app/uploads/2025/08/ACLU-NorthCarolina_Color-Logo_RGB.png","contentUrl":"https://www.acluofnorthcarolina.org/app/uploads/2025/08/ACLU-NorthCarolina_Color-Logo_RGB.png","width":1061,"height":575,"caption":"ACLU of North Carolina"},"image":{"@id":"https://www.acluofnorthcarolina.org/#/schema/logo/image/"}}]}</script>
<!-- / Yoast SEO plugin. -->

Suspensión del profesor Dwayne Dixon en violación de la Primera Enmienda - ACLU of North Carolina

Abogados de la ACLU de Carolina del Norte han enviado una carta a la Universidad de Carolina del Norte en Chapel Hill exigiendo la reincorporación inmediata del profesor Dwayne Dixon, que fue puesto en excedencia administrativa después de que un activista externo hiciera acusaciones en las redes sociales sobre la asociación de Dixon con grupos...
